lse
Let g(m) = -697*m - 217. Is g(-26) a composite number?
True
Suppose 0 = 2*k - 5*v - 18378, 0 = -k + 2*k - 5*v - 9199. Is k prime?
False
Let s(k) = -k**3 + 4*k**2 + 2*k - 4. Suppose -5*z + z + 5*w = -21, 4*w - 4 = -2*z. Let p be s(z). Is (-2 - -3)/(p/1388) prime?
True
Let d(n) = -n**3 + 9*n**2 + 4*n + 1. Suppose -2*o + 12 + 2 = 0. Is d(o) prime?
True
Let a(g) be the first derivative of 2*g**3/3 + 5*g**2/2 - 7*g + 45. Suppose 6 = -3*u, n + 34 = -4*n - 2*u. Is a(n) prime?
False
Let k = 14702 - 7685. Is k a composite number?
True
Let k(f) be the third derivative of 0*f + 3/5*f**5 - 1/3*f**4 + 0 + 1/2*f**3 - 4*f**2. Is k(5) prime?
True
Let g be 39/26 + (-14414)/(-4). Suppose 2*w = -5*w + g. Is w a composite number?
True
Let g = 46 - 42. Is (g + -2)*((-1719)/(-6) + 3) a prime number?
False
Let i(q) = -332*q + 5. Let u = 41 + -43. Is i(u) a prime number?
False
Suppose 4*b = -5*i + 69243, 0 = -5*b + i + 54039 + 32551. Is b a prime number?
True
Suppose 1 - 27 = -2*a - w, -w - 7 = -a. Is a composite?
False
Let t(v) = 2*v + 16. Suppose p + 7 + 0 = 0. Let b be t(p). Suppose -b*i + 1990 = n, -5*i + 4907 = -3*n - 68. Is i composite?
True
Suppose 3*x - 2*j = 6, -5*j = -j. Suppose -x*t + 71 = -63. Is t a composite number?
False
Suppose -59*u + 308103 = -148970. Is u a prime number?
False
Let w = 1229 - -4694. Is w a prime number?
True
Let x = 2009 + -1088. Is (1*x)/((-12)/(-28)) prime?
False
Let k(o) be the first derivative of -5*o**2 + 1/3*o**3 - 7*o - 1. Is k(-6) prime?
True
Let j(s) = 5*s**2 - s - 6. Let c be j(8). Suppose -2006 = -4*y - c. Suppose y = 6*m - m. Is m prime?
False
Let z(w) = -290*w - 11. Let i = -24 + 32. Let f be z(i). Is 1/(3*(-3)/f) a composite number?
True
Suppose -3*g - s + 515 + 589 = 0, -s = -g + 368. Let l = g + 13. Is l a prime number?
False
Let d(y) = 13*y**3 - 2*y**2 - 6*y + 5. Is d(6) prime?
False
Suppose -5*j = -25, 5*k + 4 - 34 = -4*j. Suppose 2*u + 513 = n, -k*u + u + 1 = 0. Is n composite?
True
Let g be ((-1)/(-1) + 1)/(10/(-350)). Let j be (1*-317)/((-1)/1). Let l = j + g. Is l a composite number?
True
Is ((-743532)/36)/(42/(-18) + 2) a prime number?
True
Suppose -5*k = v - 12058, -7239 = 5*k - 8*k - 2*v. Is k prime?
True
Let g be 3/(-6) - (-6)/(-4). Let f(o) = 91*o**2 + o - 3. Let y be f(g). Is y - (0 + 3) - 3 prime?
True
Suppose 3*d = 4*c - 24, -4*d + 1 = -c - 6. Let u be (-1)/3*1*c. Is (u/3)/(2/(-446)) prime?
True
Suppose -3*q + 4604 = -m, q = 3*m - 5*m + 1537. Is q prime?
False
Let q = 3938 + -1027. Is q a composite number?
True
Suppose 9*l = -4853 + 25796. Is l prime?
False
Let d(x) = 3*x**2 - 5*x - 2. Let b be d(-15). Suppose 4*h + 4*c = b, -h + 134 = -4*c - 53. Is h composite?
True
Let l(a) = 4*a**2 - a + 6. Let j be 8/14 - 159/21. Is l(j) prime?
False
Suppose -2*n = -49*n + 29563. Is n a prime number?
False
Let c(o) = 1120*o**2 - o + 93. Is c(6) a composite number?
True
Let y be (-2 + 3 - -4)*1. Suppose -y*q = 124 - 929. Is q composite?
True
Suppose -16 = 6*q - 14*q. Suppose -q*r = -394 - 240. Is r prime?
True
Let u = -21 - -1970. Is u a prime number?
True
Let s = 10 + -7. Suppose -s*q + 3107 = -2434. Is q composite?
False
Let v be 882/8 + 2/(-8). Let x be (-1)/(-3)*3 + v. Is (11/33)/(1/x) composite?
False
Let q(i) be the second derivative of 1/2*i**3 + 12*i + 0*i**4 + 0 - 5/2*i**2 + 9/20*i**5. Is q(4) a composite number?
True
Suppose 0 = n + 16*s - 11597 - 22540, -5*n = -2*s - 170275. Is n a composite number?
False
Let q(d) = d**3 + 6*d**2 + 6*d - 2. Let g be q(-5). Suppose 24*p = 29*p + 10. Is (g/p)/7*298 a composite number?
False
Let n(h) = -2*h**3 - 10*h**2 + 3*h - 11. Suppose -3*b + 2*r - 12 = -0, -4*r = 2*b + 24. Is n(b) prime?
True
Let f(d) = 5*d**3 + 3*d**2 - d - 4. Let h be (6/4)/(20/(-40)). Let r be f(h). Let o = r - -188. Is o a prime number?
True
Let f be 70754/16 + 16/(-128). Suppose -f = o - 7*o. Is o a prime number?
False
Let h(d) = d**3 - 8*d**2 + 8*d - 2. Let l be h(7). Let j = 4 + l. Let n(f) = f**3 - 8*f**2 - f - 10. Is n(j) a composite number?
True
Let f(p) = -p - 1. Let m be f(-3). Suppose -755 = -2*z + 3*t, 3*z - m*t - t = 1137. Let l = 297 + z. Is l prime?
False
Is -2638*(-12)/(-16)*760/(-60) prime?
False
Suppose -17 + 62 = 15*c. Suppose -c*g - 3*k = -2*g - 693, -2*g - 2*k + 1370 = 0. Is g a composite number?
True
Let u(j) = -917*j**3 + 2*j**2 + j + 1. Is u(-2) a prime number?
False
Suppose -l + 15 = -2*l - 4*i, 0 = -2*l - 2*i. Is (-144 + l/(-5))*-1 a prime number?
False
Let p = 594 + 2173. Is p composite?
False
Suppose -3*c + 15 = 3*q - 6, 2*c + 5*q - 26 = 0. Let k be (1 - -2 - 3) + c. Is 2/k - (-169)/3 composite?
True
Let d(v) = -4*v - 7. Let i be d(-4). Let m = 6 - i. Is -3 + (-3)/m - -81 a prime number?
True
Suppose 280*i + 38015 = 285*i. Is i composite?
False
Let r = 118 - 128. Is r/(6/3) + 1014 prime?
True
Let c(g) = -g**2 + 14*g + 20. Let r be c(17). Let y = r + 90. Is y a prime number?
True
Is 65084/(-318)*3/2*-1 a prime number?
True
Suppose -8*n - 1238331 = -59*n. Is n composite?
False
Let b = 4 - 1. Is (760*5)/5 + b composite?
True
Let a = -8 + -6. Let n = a - -601. Is n a composite number?
False
Let s = -1 + 5. Suppose -6*n = -4*n - s. Suppose -5*v + n*z = -1941, 5*v + z = 3*v + 780. Is v prime?
True
Suppose -6*x + 7*x = -10. Let p be 11913/21 - x/(-35). Suppose -5*j + p = 2*g, 2*g - 4*g - j + 579 = 0. Is g composite?
True
Let u(t) = -79*t + 16. Let v = 12 - 10. Let n(o) = -26*o + 5. Let f(a) = v*u(a) - 7*n(a). Is f(3) prime?
False
Suppose -2*z = -h + 33765, -h - 2*h - 2*z + 101311 = 0. Is h prime?
True
Is ((-32)/20 - -2)*(3199 - -6) composite?
True
Suppose y = -1110 + 158. Let x be (-2)/((-2)/y*-2). Is x/6 - (-8)/(-24) prime?
True
Suppose w + 2075 = -2*q, -4*w + 6*w + 4182 = 4*q. Let p = w - -3054. Is p prime?
True
Let u(l) = -l**2 - 10*l + 16. Let k be u(-11). Suppose 42 = c - 2*a - 33, -84 = -c + k*a. Suppose 2*b = -b + c. Is b a composite number?
False
Let k(a) = -7861*a + 185. Is k(-2) a prime number?
True
Let j(x) = -60*x - 173. Is j(-21) prime?
True
Let h(n) = -n**3 + 51*n**2 - 94*n - 160. Is h(47) composite?
True
Suppose 4*g + 3*m - 27127 = 0, -3*g + 19*m - 17*m = -20324. Is g a composite number?
True
Suppose -12 = -5*y + 7*y. Let g(h) = h**2 + 4*h + 7. Let z be g(y). Is (-21 + z)*62/(-4) prime?
True
Let h be 12568/18 + 6/(-27). Let x = h - 317. Is x prime?
False
Suppose 5*s - 3*n - 35 = 0, n = -4*s + 2*s + 3. Suppose -s*k + 1018 = 3*j - 0*k, -3*k - 1374 = -4*j. Suppose p - j = 5*w - 0*w, 1681 = 5*p + 4*w. Is p prime?
True
Suppose -361 = 2*y - 1175. Let g(d) = d**2 - 8*d - 4. Let z be g(9). Suppose -4*j + y = z*n - 2*j, n = 4*j + 99. Is n composite?
False
Suppose -5*n + 3 = -z + 43, 5*n = 4*z - 25. Let m be (2 - n/(-3))*-2. Suppose 5*b - 5*v = 1185, -3*b + 4*v + 243 = -m*b. Is b composite?
True
Suppose 0 = h - 3*v - 10249, -40968 = -4*h - 29*v + 27*v. Is h composite?
False
Suppose -5*b + 112001 + 3639 = 0. Suppose -3*t = -4*c + b, -c - 2956 = -4*t - 8751. Is c a composite number?
False
Let u(t) = -967*t - 235. Is u(-12) a prime number?
True
Let g(w) = -w**3 - 21*w**2 - 5*w - 2. Is g(-21) a composite number?
False
Is 5*1/(-1) - (-5262 + -4) a prime number?
True
Let n(t) = -43*t + 9. Let r be n(-8). Let q = r + -194. Is q prime?
False
Let m = 2917 - -2769. Is m composite?
True
Let b(z) = -z**3 + z**2 - z + 1266. Let s be 9/3 + -1 + -2. Let u be b(s). Is (u/9)/((-14)/(-21)) composite?
False
Suppose -3*o - 26 = -3*a + o, 0 = 5*a + o - 5. Let i be 317*a + 0/(-3). Suppose 3*h - i = h. Is h a composite number?
False
Suppose 20*d = d + 43377. Is d prime?
False
Suppose -161 = -14*z + 152957. Is z composite?
False
Is 10510/15 - ((-117)/27 - -4) a prime number?
True
Let n(z) = 9*z**2 + 6*z + 14. Let g(d) = d**3 - 20*d**2 - d + 29. Let f be g(20). Is n(f) a composite number?
False
Let w(k) = 3*k**3 + 15*k**2 + 10*k - 3. Let q(c) = -2*c**3 - 14*c**2 - 9*c + 4. Let h(g) = -4*q(g) - 3*w(g). Is h(11) prime?
True
Suppose r - 5*r = 4*o - 60, 0 = -3*r + 3. Let u(l) = l**2 - 14*l + 4. Let m be u(o). Suppose 0 = -3*c - 2*p + 105 + 510, -m*c - 5*p = -827. Is c a prime number?
False
Suppose 4*f - 9*f = -5*y + 331760, -3*y - 4*f + 199021 = 0. Is y composite?
False
Is (-2)/15 - (-17148541)/1695 composite?
True
Suppose i - 2028 = -5*r, -5*i + 1635 = 3*r + r. Suppose -6*u = -u - r. Let l = 223